{"id":16,"date":"2024-04-08T11:11:41","date_gmt":"2024-04-08T11:11:41","guid":{"rendered":"https:\/\/physio-nemetz.at\/?page_id=16"},"modified":"2024-05-14T09:12:51","modified_gmt":"2024-05-14T09:12:51","slug":"home","status":"publish","type":"page","link":"https:\/\/physio-nemetz.at\/","title":{"rendered":""},"content":{"rendered":"\n<p><strong>Herzlich willkommen!<\/strong><\/p>\n\n\n<div class=\"wp-block-image\">\n<figure class=\"alignleft size-full is-resized\"><img loading=\"lazy\" decoding=\"async\" width=\"424\" height=\"636\" src=\"https:\/\/physio-nemetz.at\/wp-content\/uploads\/2024\/04\/elisabeth_uebermich_-edited.jpg\" alt=\"\" class=\"wp-image-133\" style=\"width:249px;height:auto\" srcset=\"https:\/\/physio-nemetz.at\/wp-content\/uploads\/2024\/04\/elisabeth_uebermich_-edited.jpg 424w, https:\/\/physio-nemetz.at\/wp-content\/uploads\/2024\/04\/elisabeth_uebermich_-edited-200x300.jpg 200w\" sizes=\"auto, (max-width: 424px) 100vw, 424px\" \/><\/figure>\n<\/div>\n\n\n<p><\/p>\n\n\n\n<p>Als Physiotherpeutin und Yogalehrerin arbeite ich sowohl therapeutisch als auch pr\u00e4ventiv mit dem Schwerpunkt auf orthop\u00e4dischen Beschwerden und der Frauengesundheit.<\/p>\n\n\n\n<p>Ich freue mich darauf, Sie in der Gemeinschaftspraxis Manipura in Maria Anzbach begr\u00fc\u00dfen zu d\u00fcrfen.<\/p>\n\n\n\n<p><\/p>\n\n\n\n<p>F\u00fcr weitere Informationen oder zur Vereinbarung eines Termins kontaktieren Sie mich gerne telefonisch oder per Mail.<\/p>\n","protected":false},"excerpt":{"rendered":"<p>Herzlich willkommen! Als Physiotherpeutin und Yogalehrerin arbeite ich sowohl therapeutisch als auch pr\u00e4ventiv mit dem Schwerpunkt auf orthop\u00e4dischen Beschwerden und der Frauengesundheit. Ich freue&#8230;<\/p>\n","protected":false},"author":1,"featured_media":0,"parent":0,"menu_order":0,"comment_status":"closed","ping_status":"closed","template":"template-homepage.php","meta":{"footnotes":""},"class_list":["post-16","page","type-page","status-publish","hentry"],"_links":{"self":[{"href":"https:\/\/physio-nemetz.at\/index.php?rest_route=\/wp\/v2\/pages\/16","targetHints":{"allow":["GET"]}}],"collection":[{"href":"https:\/\/physio-nemetz.at\/index.php?rest_route=\/wp\/v2\/pages"}],"about":[{"href":"https:\/\/physio-nemetz.at\/index.php?rest_route=\/wp\/v2\/types\/page"}],"author":[{"embeddable":true,"href":"https:\/\/physio-nemetz.at\/index.php?rest_route=\/wp\/v2\/users\/1"}],"replies":[{"embeddable":true,"href":"https:\/\/physio-nemetz.at\/index.php?rest_route=%2Fwp%2Fv2%2Fcomments&post=16"}],"version-history":[{"count":16,"href":"https:\/\/physio-nemetz.at\/index.php?rest_route=\/wp\/v2\/pages\/16\/revisions"}],"predecessor-version":[{"id":157,"href":"https:\/\/physio-nemetz.at\/index.php?rest_route=\/wp\/v2\/pages\/16\/revisions\/157"}],"wp:attachment":[{"href":"https:\/\/physio-nemetz.at\/index.php?rest_route=%2Fwp%2Fv2%2Fmedia&parent=16"}],"curies":[{"name":"wp","href":"https:\/\/api.w.org\/{rel}","templated":true}]}}